y 7.
4
Suppose -5*c - v = -3421, 4*c = 4*v - 183 + 2915. Calculate the remainder when c is divided by 116.
104
Let u(a) be the second derivative of 7*a**5/4 + a**4/6 - a**3/3 + a**2 + 3*a + 6. What is the remainder when 110 is divided by u(1)?
36
Let n be (1 - (-5)/(-3))/((-12)/630). Suppose -n - 2155 = -15*x. What is the remainder when x is divided by 50?
46
Suppose 16 - 12 = b. Suppose -b*h + 6 = -6*h. Calculate the remainder when -15*(-2 + 1/h) is divided by 9.
8
Let j(g) = -7*g + 91. Let i = -226 + 233. Calculate the remainder when 167 is divided by j(i).
41
Let v = 99 - 57. Let t = -40 + v. Suppose -f = -2*w + 37, 3*f = t*w - f - 46. What is the remainder when w is divided by 9?
8
Suppose -i = -4*i + 21. Let p(u) = 9*u**2 + 16*u + 11. Let v be p(-5). Let c = v - 146. What is the remainder when c is divided by i?
3
Suppose 4*i - 92 = -4*f, 4*f + 3*i - 13 - 84 = 0. What is the remainder when f is divided by 4?
0
Suppose 5*t - 104 = -2*d, 12*d - 17 = t + 7*d. What is the remainder when 15368 is divided by t?
14
Let t be 9/(-24)*-14 - 5/20. Let d = -26 - -83. Suppose -t*k = -d - 158. Calculate the remainder when k is divided by 23.
20
Suppose 10 = 4*l - 3*l. Let z(s) = 5*s + 36. Calculate the remainder when z(l) is divided by 31.
24
Suppose -2*y = -6*y + 500. Suppose -g = -1, u = 2*g - 4*g + 23. Calculate the remainder when -3 - -1*(y - -1) is divided by u.
18
Let s = 2589 - 2375. Calculate the remainder when 664 is divided by s.
22
Let y(t) = -3*t**2 + 86*t + 1001. Calculate the remainder when 15198 is divided by y(37).
74
Suppose 1665*c - 1648*c - 3655 = 0. What is the remainder when c is divided by 50?
15
Suppose -11*m - 441 = 2804. Let o = m + 306. Calculate the remainder when 226 is divided by o.
6
Suppose -3*y + 791 = 113*g - 109*g, 955 = 5*g - 3*y. Calculate the remainder when 8727 is divided by g.
191
Let q = 135 + -94. Let b = 3897 - 3868. What is the remainder when q is divided by b?
12
Suppose -3*s + 70 = -2*s + 5*g, s - 84 = -3*g. What is the remainder when 1044 is divided by s?
99
Let a(m) = m**2 - 54*m - 5346. What is the remainder when a(-106) is divided by 20?
14
Let c = 76 - 74. Suppose -4*p + 21 = c*t - p, 2*t - p - 41 = 0. What is the remainder when (-11*6 - 3)*-1 is divided by t?
15
Suppose 160*c + 173094 = 211*c. Calculate the remainder when c is divided by 16.
2
Suppose b + x = -15, 2*b + x = 3*x - 38. Let v = b + 24. Calculate the remainder when 85 + 0 + 3 + (6 - v) is divided by 18.
15
Suppose -3*t = 29 - 35. Calculate the remainder when 178 is divided by ((-405)/54)/((-1)/t).
13
Let k be 1/1 + 2 + -6 + 62. Let y be ((-2)/3*78)/1. Let o = k + y. Calculate the remainder when o is divided by 3.
1
Let k = 466 + -466. Suppose 0 = 2*p - k*p - 6, 4*p - 66 = -t. What is the remainder when 268 is divided by t?
52
Suppose -3 = 9*p - 84. Suppose w - 2 = l - p, -2*w + 4 = l. Calculate the remainder when 173 is divided by l.
5
Let v(x) = x**2 + 55*x - 293. Calculate the remainder when 585 is divided by v(-64).
19
Let h be ((-18578)/(-49) - -1) + (-2)/14. What is the remainder when (11 - h/15)*(-9)/1 is divided by 36?
21
Let a = -44 - -62. Suppose 2*l - q + 3 = -a, -l - 5*q - 5 = 0. Calculate the remainder when 69 is divided by -21*(-12)/(-45)*l/4.
13
Let f = 695500 + -695474. Calculate the remainder when f is divided by 14/4*2*1.
5
Suppose 0 = 4*u + 11 - 47. Let z = 170906 - 170863. Calculate the remainder when z is divided by u.
7
Let f = 1914 + -1867. Calculate the remainder when 271 is divided by f.
36
Suppose -3*a + b + 950 = 0, 2*a - 4*b = -2*a + 1264. Let d = 328 - a. Calculate the remainder when 23 is divided by d.
1
Let q be (-18)/(-5)*(-50)/(-3). Suppose -3*v + 327 - q = 0. What is the remainder when v is divided by 7?
5
Let t = 4932 + -4861. Calculate the remainder when 1123 is divided by t.
58
Suppose -37*h + 318 = 22. Let k(d) = d - 3. Let m be k(6). Suppose 65 + 28 = m*v. Calculate the remainder when v is divided by h.
7
Let o be (1*-5)/(21/(-1050)). Let l = o - 206. Calculate the remainder when l is divided by 9.
8
Suppose 0 = 51*d + 115*d - 23738. Calculate the remainder when 160 is divided by d.
17
Suppose 373 - 370 = -w, -3*z + 2*w = -144. Calculate the remainder when 778 is divided by z.
42
Suppose -25 = 19*s - 14*s. Let u be s + 1/((-3)/6). Let z(i) = -i**2 - 6*i + 16. What is the remainder when 26 is divided by z(u)?
8
Suppose 0 = 2*s + 2*g - 171 - 243, 4*g - 12 = 0. Suppose 5*b - 33 = -13, -t - 2*b + 49 = 0. What is the remainder when s is divided by t?
40
Let f = -331 + 351. Suppose -35 = 25*i - 30*i. What is the remainder when f is divided by (-4)/i - 371/(-49)?
6
Let x = -5324 - -6678. Calculate the remainder when x is divided by 337.
6
What is the remainder when 1515 is divided by 14 + -10 + (-226)/(-2)?
111
Let g(r) = 331*r - 1280. Calculate the remainder when 59 is divided by g(4).
15
Let t(d) = 3*d**2 - 24*d - 154. Calculate the remainder when 418 is divided by t(-5).
8
Suppose 2*o + 124 = 2*n, 0 = 5*n - 4*o - 194 - 123. What is the remainder when 330 is divided by n?
54
Suppose -8*c + 7258 = -3918. Calculate the remainder when c is divided by 28.
25
Let u be -327*(-6)/(-72)*12. Let s = u - -471. Let c(x) = -8*x - 3. Calculate the remainder when s is divided by c(-5).
33
Suppose 0 = 3*c - r - 929, 2*c = r - 2*r + 621. Let q = 326 - c. Calculate the remainder when 57 is divided by q.
9
Suppose -3*u = 2*u - 45. Suppose -d - u = -17. Suppose -d*r + 49 = -7. Calculate the remainder when 13 is divided by r.
6
Suppose 36*n - 5344 = 1244. What is the remainder when n is divided by 75?
33
Let y(p) = -51*p - 1. What is the remainder when (-6 - -7)*((-6)/(-9) - 866/(-6)) is divided by y(-1)?
45
Suppose 0 = 2*p + 2*g - 352, -437*p + 433*p = -3*g - 732. What is the remainder when p is divided by 27?
18
Suppose 3*j + n - 3018 = 0, 30*j - 32*j + 2002 = 4*n. Calculate the remainder when j is divided by 145.
137
Let v = -699 + 777. Suppose -l + w + 4*w + 23 = 0, w + 211 = 5*l. Calculate the remainder when v is divided by l.
35
Let m(q) = 18*q**2 - 12*q + 3. Suppose -4*z + 6 = v, -5*v = 5*z - 16 - 89. What is the remainder when m(2) is divided by v?
25
Suppose -7389 = -3*i - 18*b + 16*b, b = i - 2468. What is the remainder when i is divided by 130?
125
Calculate the remainder when 5024 is divided by 3411/51 - (-14)/119.
66
Let b(a) = -16*a - 255. What is the remainder when b(-38) is divided by 107?
32
Let g = 6422 - 3503. Suppose -l = 20*l - g. What is the remainder when l is divided by 14?
13
Suppose 9*d + 300 + 510 = 0. Let a = d - -106. Suppose 2*y - 60 = -r, 0 = -4*y + 3*r + 104 + a. What is the remainder when 55 is divided by y?
25
Let o be (-280)/(-56) - (-1 + 8). What is the remainder when 202 is divided by (-27)/(-18) - 39/o?
13
Suppose 0 = 6*r - 3757 + 943. Calculate the remainder when r is divided by 162.
145
Let g = 107 + 16. Calculate the remainder when -1 - 1 - (26 - g) is divided by 7.
4
What is the remainder when -4 + 312/21 - (-43)/301 is divided by 2?
1
Let p(o) = -50*o - 158. Let x be p(-7). Let w = x - 185. What is the remainder when 120 is divided by w?
1
Suppose -42*g + 222 = 5*t - 41*g, 0 = -5*t + g + 218. What is the remainder when 939 is divided by t?
15
Suppose 5*k - 165 = -u - 0*u, -4*k = -3*u - 151. Calculate the remainder when 246 is divided by k.
8
Let i(w) = w + 3. Let r be (-2)/12 + 14/12. Let l be i(r). Suppose -4*d - 84 = -l*o, 0*o + o = -3*d + 41. Calculate the remainder when o is divided by 10.
6
Suppose 19*a = -4*a + 92. Let n = 3 + -1. Suppose -26 = -a*f - n. Calculate the remainder when 9 is divided by f.
3
Suppose -408 - 999 = -25*j + 93. Calculate the remainder when j is divided by (3*-2)/((-3)/8).
12
Let y = 12528 + -12417. What is the remainder when y is divided by 52?
7
Let n = -4993 + 5005. Calculate the remainder when 5635 is divided by n.
7
Let h(d) = -d**3 - 3*d**2 + 5*d - 2. Let s = 71 + -62. Suppose -s*y + 0 = 45. What is the remainder when h(y) is divided by 6?
5
Let x = -194 + 82. Let n = -103 - x. Calculate the remainder when 35 is divided by n.
8
Let x(t) = -27*t + 107. Let m be x(5). Let n = 56 + m. What is the remainder when n is divided by 21?
7
Suppose -521 = -2*k - q, 2*k - q = -3*k + 1299. What is the remainder when k is divided by 116/16*2*(7 + -5)?
28
Let